) = 13*u**2 + u**3 - 5*u - 11 + 28 + 7*u - 2*u. Give q(-13).
17
Let q = 2020 - 1060. Let z = q - 952. Let r(k) = -3*k - 11. Give r(z).
-35
Let j = 1 + 6. Suppose -5*z + j = 3*s - 2*s, -2*z = -s. Let y(v) = 3*v - 7*v**2 - 11 - 3*v + 10 + 3*v + 6*v**2. Calculate y(s).
1
Suppose -12*r + 79 = -29. Suppose -6*x - 3 = -r*x. Let g(f) = 26*f**2 + 2*f - 1. Calculate g(x).
27
Let l(y) = 18*y - 1 + 8*y - 6 - 10*y**2 + 14*y**2 - 4. Give l(-7).
3
Let v(t) = t**3 + 10*t**2 - 10*t + 4. Let b(h) = -21*h - 2321. Let s be b(-110). Calculate v(s).
-7
Let x(k) = -k - 1673 - 1675 - 1672 + 5011. Calculate x(-10).
1
Let a(g) = 2*g**2 - 3*g + 1. Let y(o) = 3*o + 23. Suppose -5*k + 2*k - 21 = 0. Let p be y(k). What is a(p)?
3
Let c = -143 - -175. Let s(u) = 5 + 63*u - 28*u - c*u. What is s(7)?
26
Let k(n) = -2*n - n**3 + 54788*n**2 - 11 - 27 - 54788*n**2. Calculate k(0).
-38
Let s = -16 - -22. Suppose s*b = 4*b - 4. Let v(k) be the third derivative of -k**5/30 - k**4/8 - k**3/6 - 198*k**2. Calculate v(b).
-3
Let y(t) = -t + 13. Let w(n) = n**3 + 22*n**2 + 70*n + 3. Let i be w(-4). Determine y(i).
2
Let q(x) = -x + 9. Let c be q(7). Let v(s) = s + 6 - s**c - 9*s + 2*s**2 + 18*s. Let z be 0 - 16/(-2 - -6). Calculate v(z).
-18
Let q = 10979 + -10959. Let k(r) be the first derivative of q + 2*r + 9/2*r**2. Calculate k(-2).
-16
Let b = 92 + -90. Let s(j) = 654*j - 6 - 330*j - 329*j - j**b. Calculate s(-5).
-6
Let x(m) = 23*m - 7. Suppose -2*a + 2*v - 27 = 7*v, -3*v = 4*a + 19. What is x(a)?
-30
Let g(z) be the third derivative of -z**5/60 + z**4/8 + z**3/3 - 1927*z**2 + 2*z. Give g(4).
-2
Let v(c) = -37 + 3*c**2 - 37 - 4*c + 107 - 12*c**2 - 31. What is v(-2)?
-26
Let g(l) = 5*l**2 - 3*l + 2. Let i(q) = q**2 + q - 1. Let b(j) = -g(j) + 6*i(j). Let f(k) = k**2 + 95*k + 2236. Let u be f(-44). Calculate b(u).
-16
Let f = 17 + -1. Let n(m) = -395 + 4*m - 5*m - 411 + 823. Give n(f).
1
Let o(r) be the third derivative of -r**6/120 + r**2. Let w = 556 + -201. Let d = w + -355. Give o(d).
0
Let z(s) be the first derivative of s**4/4 - 3*s**2 - 3*s + 2467. What is z(-4)?
-43
Let n(y) = y - 27. Let z(a) = -a + 13. Let b(h) = -2*n(h) - 5*z(h). Let l(d) = -d**2 + 6632*d - 33130. Let q be l(5). Determine b(q).
4
Let i be (-15)/(10/2)*-5. Let u = 48 - i. Let z(q) = -14*q - 13*q + u*q + 3 + q**2. Determine z(-6).
3
Let s(c) = 6*c + 5. Let m(t) = 13*t + 10. Let v(p) = -2*m(p) + 5*s(p). Let y(l) = 54 + 11*l - 65 - 18*l. Let q(a) = 5*v(a) + 3*y(a). Determine q(-6).
-2
Let d(u) = -u**3 + 17*u**2 + 83*u + 44. Let m be d(21). Let t(s) = s - 21. What is t(m)?
2
Let f(a) = -a - 32. Let b be f(-34). Suppose 2*m + g = 3*m - 4, -3*m + 5*g = -10. Let z(r) = -r**b + 3*r + 5 - r + m*r**2 + r**3. What is z(-4)?
-3
Let p(m) = m + 2. Let c(f) = f + 3. Let g(j) = -3*c(j) + 2*p(j). Suppose 15 = i - 6*i. Let r = -9 - i. Determine g(r).
1
Let t(n) = n**3 - 6*n**2 + 4*n + 4. Let z be t(6). Let l(g) be the first derivative of -z*g**2 + 3*g - 3 - 18 + 27*g**2. What is l(3)?
-3
Let n(k) = 3*k**2 - 2*k + 19. Let l = -6977 + 6980. Give n(l).
40
Suppose 14*c - 3*k = 12*c + 33, -c + 3*k = -12. Let x(l) = l**2 - 17*l - 81. Let j be x(c). Let q(a) = a**3 - 3*a**2 + 3*a - 3. Determine q(j).
6
Let m(d) = -138 - 87 - 46*d**2 + 227 - 2*d. Calculate m(1).
-46
Suppose 2*c = -m - 4*m - 10, m = -3*c - 15. Suppose 2*w - 56 = -5*q, m = -4*w - w + q + 194. Let t(v) = 18*v - w*v + 6*v**2 + 19*v. Calculate t(-1).
7
Let b = -34 - -41. Let y be (-7 + -1)/(-2) + -7 + b. Let o(s) be the third derivative of s**4/12 + 4*s**2. Calculate o(y).
8
Let f(y) be the third derivative of 13/24*y**4 + 0 + 0*y - 96*y**2 + 1/3*y**3. Calculate f(2).
28
Suppose 0 = -d - 366 + 222. Let g be 6/15 - d/(-60). Let v(w) = -w**3 - 2*w. Calculate v(g).
12
Suppose 708 = 208*p - 1079 + 539. Let s(i) = i**3 - 9*i**2 + 29*i - 70. What is s(p)?
-4
Suppose -5*z + 13 + 2 = 0. Suppose -246 = -44*q - 38 + 56. Let l(p) = 7*p + q - 9*p**2 - p**z - 2*p + 6*p**2. Calculate l(-4).
2
Suppose -2*m + 229 = s - 0*m, -m = -4*s + 871. Let w = s - 228. Let o(l) be the second derivative of -l**3/6 - l**2 + l. Give o(w).
7
Let p(d) be the third derivative of d**5/60 - 7*d**4/12 + 49*d**3/6 + 49*d**2 + 8*d. Calculate p(7).
0
Suppose o + 1 = 5*n, -o + 2*o - 7 = -3*n. Let g(z) = -3 - 2 + 1 - n + 4*z. Let i(p) = -p. Let j(x) = -g(x) - 5*i(x). What is j(0)?
5
Let k(i) = i**2 - 8*i - 2. Let t(x) = -3*x**2 + 23*x + 5. Let a(o) = 11*k(o) + 4*t(o). Let b(g) = g**3 + 9*g**2 - g - 6. Let y be b(-9). Calculate a(y).
1
Let n(g) = -17*g + 7*g - 4*g**3 + 11*g - 6*g**2 + 5. Let y(f) = 3*f**3 + 6*f**2 - 2*f - 5. Let m(z) = 4*n(z) + 5*y(z). Calculate m(5).
-10
Let s = 17482 + -17480. Let l(j) = 7*j**2 + 3*j + 2. Give l(s).
36
Let u(z) = -70*z**2 - 10*z - 49*z**2 + 24*z**2 - 15 + 96*z**2. Let f = -13 + 24. Determine u(f).
-4
Let z(v) = 20*v**2 - 1. Let a(l) = l**2 + 5*l + 3. Let k be a(-5). Let r(g) = 122*g + 1354. Let n be r(-11). Suppose n*b + k = 15*b. Calculate z(b).
19
Let o(p) = 19*p**2 + 17*p - 6. Let y(i) = -33*i**2 - 29*i + 10. Let j(r) = 17*o(r) + 10*y(r). Suppose 3*v + 2 = -4. Determine j(v).
-28
Let p(c) = 3*c**2 + 8*c + 7. Let q(i) = -6*i**2 - 16*i - 14. Let f(j) = 7*p(j) + 3*q(j). Calculate f(-5).
42
Suppose -35*l + 23 + 12 = 0. Let h(y) be the second derivative of 0 - 1/6*y**3 + 1/6*y**4 - 4*y + 0*y**2 - 7/20*y**5. What is h(l)?
-6
Let i(p) be the third derivative of -1/3*p**4 - 2*p + 0 - p**2 + 1/2*p**3 + 1/60*p**5. Calculate i(6).
-9
Let j be (84/10)/((-2)/15). Let a be (-11)/(99/42)*3. Let q be (-27)/j + (-64)/a. Let x(b) = -b**3 + 6*b**2 - 4*b - 5. Determine x(q).
0
Let m(h) = 5*h + 14. Let d(u) = -2 - 7 + 5 + 1. Let a(f) = -6*d(f) - m(f). Determine a(2).
-6
Let k(i) = 2*i**3 + 18*i**2 - 19*i + 11. Let n be k(-10). Let v(t) = 6 - t - 6 + n. Determine v(9).
-8
Let y(o) = -o + 6. Let c(b) = 23*b + 416. Let s be c(-18). Suppose w - v - 6 = 0, w - 10 = v + s*v. What is y(w)?
2
Let o(t) be the first derivative of 4*t**2 - 5*t + 50 - 1/3*t**3. Calculate o(7).
2
Let d(u) = 30*u + 18. Let j(k) = -11*k - 8. Let f(n) = -2*n - 1. Let i(l) = -2*f(l) - j(l). Let y(b) = -3*d(b) + 5*i(b). Give y(-3).
41
Let z(m) be the first derivative of 4*m**3/3 - 2*m**2 + 123. Let k be z(2). Let n(f) = 2*f - 3*f + 4 + 2. Calculate n(k).
-2
Let t(u) = u**3 + 6*u**2 - 4. Suppose 8*k = 4*k + 60. Suppose -165*x + k = -168*x. Determine t(x).
21
Let c(f) = -f - 3. Let o(l) = -11*l + 100. Let z(x) = -c(x) - o(x). Determine z(9).
11
Let o(l) be the third derivative of -l**4/24 + 5*l**3/6 - 2*l**2. Let a be (-50 - -2)*(-13)/78. Give o(a).
-3
Suppose 157*w - 162*w = -4*z + 30, 0 = -4*w - z + 18. Let i(h) = -7*h**2 + 12*h + 10. Let m(s) = -s**2 + s + 1. Let g(n) = -2*i(n) + 22*m(n). What is g(w)?
-34
Let k(m) = -9*m**3 + 5*m + 5. Let p = -13438 - -13436. Determine k(p).
67
Let d be (-16 - 780/(-50))*(3 - (-4 - -2)). Let w(x) = 3*x + 1. Let l(k) = 9*k + 2. Let n(r) = -3*l(r) + 8*w(r). Give n(d).
8
Let k be 10 - (-5*(-4)/(-8))/((-3)/6). Let c(o) = 23*o - 115. What is c(k)?
0
Suppose 4*x - 8 = g - 2*g, x - 17 = -4*g. Let n(z) = g*z - 29 - z**2 + 2*z + 29. Determine n(5).
5
Let g(v) = -8*v. Let u(p) = 21*p - 18*p - 20*p - 5*p. Let f(z) = 8*g(z) - 3*u(z). Suppose -12 = -3*i, 5*d - 3*i = -0*i - 37. What is f(d)?
-10
Let n = -21215 - -21217. Let m(t) = -t**2 - t**3 + 7*t**2 - 5*t**2 + 0*t**2. What is m(n)?
-4
Let x be 5 + -4 + 3 - (4 - 5). Let i(s) be the first derivative of s**4/4 - 4*s**3/3 - 5*s**2/2 - 7*s + 539. What is i(x)?
-7
Let s(c) = -c**3 + 6*c**2 + 7*c - 9. Let y(f) = f**2 + 2*f + 2. Let t be (3 - (-21)/(-6))*4. Let l be y(t). Suppose 21 = i + l*i. Calculate s(i).
-9
Let s(f) = -f**2 - f + 56. Let r be s(7). Let z(h) = -8*h**3 - 13*h**2 + 7*h**3 + r - 6 - 5*h + 3*h - 11. What is z(-13)?
9
Let o(s) = s**3 + 2*s**2 - 15*s - 9. Let i(w) = -w**2 + 5*w + 9. Let q be i(-2). Determine o(q).
-9
Let l(t) = t**2 - 5*t - 1. Suppose -14*z + 3222 = 4*z. Let u = -172 + z. What is l(u)?
13
Let b(o) = o + 10. Let m = -65 + 96. Suppose m = f + 38. Give b(f).
3
Let y(w) = -10*w + 26 - 38 + 48 + 4. Calculate y(4).
0
Suppose 4*h + 2*h - 60 = 0. Let m(p) = -25 + h + 0. Let a(y) = -y. Let q(t) = 2*a(t) - m(t). Calculate q(10).
-5
Let a(h) = -h**2 - 12*h - 36. Let u(i) = -58*i - 242. Let v be u(-4). Give a(v).
-16
Let b(g) = -3*g + 2